ime factors of 1052573?
1052573
List the prime factors of 3925366.
2, 163, 12041
List the prime factors of 9773160.
2, 3, 5, 23, 3541
What are the prime factors of 4804358?
2, 13, 257, 719
What are the prime factors of 498836?
2, 13, 53, 181
List the prime factors of 4523815.
5, 43, 53, 397
List the prime factors of 1011732.
2, 3, 59, 1429
What are the prime factors of 6204467?
6204467
List the prime factors of 2772913.
11, 13, 19391
List the prime factors of 94397.
94397
What are the prime factors of 12226885?
5, 11, 131, 1697
List the prime factors of 71264.
2, 17, 131
List the prime factors of 51219.
3, 7, 271
List the prime factors of 68708.
2, 89, 193
What are the prime factors of 247097?
103, 2399
What are the prime factors of 1182164?
2, 295541
List the prime factors of 625483.
625483
List the prime factors of 234400.
2, 5, 293
List the prime factors of 2384330.
2, 5, 13, 18341
What are the prime factors of 17815687?
127, 140281
What are the prime factors of 1858014?
2, 3, 109, 947
What are the prime factors of 370996?
2, 137, 677
List the prime factors of 142700.
2, 5, 1427
What are the prime factors of 7309421?
7, 29, 36007
What are the prime factors of 15956356?
2, 13, 306853
What are the prime factors of 518043?
3, 172681
What are the prime factors of 2738078?
2, 7, 257, 761
What are the prime factors of 35700926?
2, 89, 167, 1201
What are the prime factors of 68184?
2, 3, 947
What are the prime factors of 948164?
2, 7, 33863
What are the prime factors of 96246?
2, 3, 5347
What are the prime factors of 8474573?
151, 56123
What are the prime factors of 1537890?
2, 3, 5, 51263
What are the prime factors of 1533320?
2, 5, 38333
List the prime factors of 533480.
2, 5, 13337
What are the prime factors of 344782?
2, 31, 67, 83
List the prime factors of 126995.
5, 11, 2309
List the prime factors of 1393234.
2, 696617
List the prime factors of 23414947.
23414947
List the prime factors of 2451301.
43, 109, 523
List the prime factors of 477197.
7, 68171
What are the prime factors of 48924?
2, 3, 151
List the prime factors of 39915707.
13, 1153, 2663
What are the prime factors of 1430573?
59, 24247
List the prime factors of 310977.
3, 109, 317
List the prime factors of 3041719.
859, 3541
What are the prime factors of 6949896?
2, 3, 19, 15241
What are the prime factors of 112625?
5, 17, 53
List the prime factors of 1520183.
7, 217169
What are the prime factors of 21808?
2, 29, 47
What are the prime factors of 3308512?
2, 103391
What are the prime factors of 17872450?
2, 5, 271, 1319
List the prime factors of 17161784.
2, 37, 1567
What are the prime factors of 428093?
428093
What are the prime factors of 6489339?
3, 2163113
List the prime factors of 72159.
3, 67, 359
What are the prime factors of 8786968?
2, 19, 57809
What are the prime factors of 81595?
5, 16319
List the prime factors of 6376169.
43, 79, 1877
What are the prime factors of 6432197?
181, 35537
What are the prime factors of 18029474?
2, 29, 137, 2269
What are the prime factors of 48423?
3, 16141
List the prime factors of 663533.
13, 43, 1187
What are the prime factors of 217231?
7, 31033
List the prime factors of 4361805.
3, 5, 7, 61, 227
List the prime factors of 62045.
5, 12409
List the prime factors of 158838.
2, 3, 23, 1151
What are the prime factors of 1175944?
2, 7, 11, 23, 83
List the prime factors of 6818083.
6818083
What are the prime factors of 6157674?
2, 3, 114031
List the prime factors of 1255878.
2, 3, 13, 1789
What are the prime factors of 253353?
3, 79, 1069
List the prime factors of 2545683.
3, 7, 241, 503
What are the prime factors of 182156?
2, 13, 31, 113
List the prime factors of 287635.
5, 57527
What are the prime factors of 25944239?
509, 50971
What are the prime factors of 4692048?
2, 3, 239, 409
List the prime factors of 2790132.
2, 3, 41, 53, 107
What are the prime factors of 478146?
2, 3, 79691
What are the prime factors of 96581?
96581
What are the prime factors of 870585?
3, 5, 127, 457
List the prime factors of 86728.
2, 37, 293
What are the prime factors of 896867?
896867
What are the prime factors of 407405?
5, 17, 4793
List the prime factors of 2641688.
2, 7, 23, 293
What are the prime factors of 5212?
2, 1303
What are the prime factors of 4498874?
2, 139, 16183
What are the prime factors of 16083889?
823, 19543
List the prime factors of 1493740.
2, 5, 74687
List the prime factors of 12118178.
2, 17, 107, 3331
List the prime factors of 27035402.
2, 173, 78137
What are the prime factors of 45460?
2, 5, 2273
List the prime factors of 25614580.
2, 5, 17, 75337
List the prime factors of 6923630.
2, 5, 7, 98909
List the prime factors of 1486810.
2, 5, 13, 11437
List the prime factors of 220631.
37, 67, 89
List the prime factors of 103924.
2, 25981
List the prime factors of 977397.
3, 73, 4463
List the prime factors of 846645.
3, 5, 56443
What are the prime factors of 1070985?
3, 5, 71399
What are the prime factors of 40823455?
5, 8164691
List the prime factors of 318775.
5, 41, 311
List the prime factors of 12260931.
3, 599, 6823
What are the prime factors of 1183393?
1183393
What are the prime factors of 458857?
7, 65551
List the prime factors of 30004056.
2, 3, 281, 1483
List the prime factors of 25244351.
11, 208631
What are the prime factors of 408860?
2, 5, 20443
What are the prime factors of 19073516?
2, 7, 11, 61927
What are the prime factors of 97995?
3, 5, 47, 139
What are the prime factors of 44963?
44963
List the prime factors of 221900.
2, 5, 7, 317
What are the prime factors of 539107?
539107
What are the prime factors of 1218522?
2, 3, 29, 47, 149
What are the prime factors of 140445?
3, 5, 3121
What are the prime factors of 7326631?
13, 563587
List the prime factors of 14541764.
2, 19, 191339
What are the prime factors of 655734?
2, 3, 293, 373
What are the prime factors of 7155976?
2, 41, 21817
List the prime factors of 9998915.
5, 367, 5449
What are the prime factors of 272383?
272383
What are the prime factors of 3874091?
13, 233, 1279
What are the prime factors of 44304?
2, 3, 13, 71
List the prime factors of 298957.
193, 1549
List the prime factors of 8237094.
2, 3, 1372849
List the prime factors of 1297455.
3, 5, 67, 1291
What are the prime factors of 18551387?
29, 639703
List the prime factors of 113011.
113011
What are the prime factors of 225165?
3, 5, 17, 883
List the prime factors of 584167.
584167
What are the prime factors of 7702742?
2, 3851371
What are the prime factors of 737540?
2, 5, 36877
List the prime factors of 479951.
479951
List the prime factors of 301672.
2, 7, 5387
List the prime factors of 15509891.
15509891
List the prime factors of 2455332.
2, 3, 11, 19, 89
List the prime factors of 374803.
11, 13, 2621
List the prime factors of 4268365.
5, 29, 29437
List the prime factors of 193706.
2, 23, 4211
What are the prime factors of 664145?
5, 19, 6991
What are the prime factors of 1707087?
3, 47, 12107
List the prime factors of 1085125.
5, 8681
List the prime factors of 16251642.
2, 3, 11, 211, 389
What are the prime factors of 364094?
2, 182047
List the prime factors of 245819.
7, 35117
What are the prime factors of 21474028?
2, 19, 43, 6571
List the prime factors of 258426.
2, 3, 7, 293
List the prime factors of 41395298.
2, 7, 60343
What are the prime factors of 244107?
3, 9041
What are the prime factors of 283236?
2, 3, 23603
What are the prime factors of 16245793?
89, 182537
What are the prime factors of 133404?
2, 3, 11117
What are the prime factors of 500230?
2, 5, 50023
What are the prime factors of 12367877?
12367877
List the prime factors of 2504676.
2, 3, 31, 6733
What are the prime factors of 15880194?
2, 3, 11, 139, 577
What are the prime factors of 866198?
2, 433099
List the prime factors of 1435668.
2, 3, 13, 9203
What are the prime factors of 47027?
31, 37, 41
List the prime factors of 1228085.
5, 23, 59, 181
What are the prime factors of 7440299?
53, 79, 1777
List the prime factors of 1148664.
2, 3, 11, 19, 229
List the prime factors of 121691.
73, 1667
What are the prime factors of 548323?
548323
List the prime factors of 3659377.
1439, 2543
List the prime factors of 261814.
2, 7, 18701
List the prime factors of 5498559.
3, 11, 55541
What are the prime factors of 10761120?
2, 3, 5, 47, 53
What